 - 7*i - 6. Let h be w(-5). What is the units digit of j(h)?
6
Let m = 14 + 20. Suppose -m = -j + 24. What is the units digit of j?
8
Let c(t) be the first derivative of -t**5/60 - 11*t**4/24 - 7*t**3/6 - t**2 - 3. Let i(v) be the second derivative of c(v). What is the units digit of i(-10)?
3
Let s be 78*4 + (-3)/(-1). What is the tens digit of (9/(-5))/((-9)/s)?
6
Let n(z) = z - z**2 + z**2 + z**2 - 1. Let r(t) = -t**2 + 8*t + 5. Let x be r(9). What is the units digit of n(x)?
1
What is the units digit of -4 - (-22305)/30 - (-1)/2?
0
Let l = 14 + -1. What is the units digit of 0 - (-32)/2*l/2?
4
Let r(m) be the second derivative of m**5/20 + m**4/2 + m**3/3 + 9*m**2/2 + 4*m. Let w be r(-6). What is the tens digit of 24 - (-2)/((-2)/w)?
2
Suppose 3*d = 40 + 17. Let m be -3*(-6)/9 + -3. Let k = d + m. What is the units digit of k?
8
Let l(d) = 450*d + 59. What is the units digit of l(3)?
9
Let l(f) = f**2 + 3*f + 30. Let v(g) = g + 1. Let c(i) = l(i) - 4*v(i). Suppose -2*o = 8*n - 3*n, -4*o = -5*n. What is the tens digit of c(n)?
2
Suppose 3*q - 34 = 35. Let z = q - 11. Suppose 0 = 4*i + z, -2*a + 51 = -0*a - 5*i. What is the tens digit of a?
1
Suppose i - 2024 = -i + 3*k, -i + 3*k = -1015. What is the tens digit of i?
0
Let b = -2 - -4. Suppose 0 = n + o + 25 - 136, -b*n = o - 227. What is the tens digit of n?
1
Let m = 576 - 252. What is the units digit of m?
4
Suppose 22*j - 165 = 25*j. What is the units digit of (-10)/j - (-1974)/33?
0
Suppose -9843 = -10*x - 2143. Suppose 88 = -11*z + x. What is the tens digit of z?
6
Let f be ((-27)/2)/(27/36). Let x = f + 216. What is the units digit of x?
8
Let m be 2/9 + (-3944)/(-72). Suppose 3*k + 36 = -4*h, h = -2*k + 5*h - 4. Let t = m + k. What is the tens digit of t?
4
Let j(u) be the third derivative of u**5/20 + 5*u**4/24 - 2*u**3/3 + u**2. Let h be 2/8 + 10 + 371/(-28). What is the units digit of j(h)?
8
Let j(f) be the second derivative of 7*f**3/6 - 43*f**2/2 + 37*f. What is the tens digit of j(17)?
7
Let k = 14 + -13. Let c be (k - 0) + (-4)/2. Let t = 9 - c. What is the units digit of t?
0
Suppose 15*g - 19*g = -2*y + 1722, -2543 = -3*y - 2*g. What is the hundreds digit of y?
8
Let j(f) = -64*f - 70. What is the units digit of j(-7)?
8
Suppose 0 = -5*l - 5 - 0. What is the units digit of (l + (-2 - 1))*-2?
8
Let m(a) be the second derivative of -3/2*a**3 - 3/2*a**2 + 0 - 2*a. What is the tens digit of m(-4)?
3
Let z = -910 - -1868. What is the tens digit of z?
5
Suppose -19 + 1519 = d. What is the tens digit of d?
0
What is the units digit of (-5 - 0)*1*(3 - 188)?
5
Suppose -w = 2*w - 2*g - 1111, -1115 = -3*w - 2*g. What is the hundreds digit of w?
3
Let v(h) = -2*h**3 - 9*h**2 - 8*h - 14. What is the thousands digit of v(-10)?
1
Let c(g) = 2*g**2 - 3*g - 3. Let y be c(-7). Suppose 0 = 10*z - 8*z + y. Let q = z + 95. What is the units digit of q?
7
Let p(b) = -2 + 3*b**2 - 4*b + 4 + 2*b**2 - 3. Let u be p(3). Let g = u - -7. What is the units digit of g?
9
Let n = -777 + 802. What is the units digit of n?
5
Let p be 4/30 + 3 + (-356)/(-30). What is the tens digit of (-23)/((-18)/p + 1) + -2?
1
Let t = 253 + -155. Suppose 0 = -8*q + 6*q + t. Suppose -30 = -4*d + j + q, 5*d - 2*j = 95. What is the units digit of d?
1
Let l(r) = r**3 + 5*r**2 - 2*r - 6. Let q be l(-6). Let y(g) = -g**2 - 1. Let w be y(0). What is the tens digit of 0/10 - (w + q)?
3
Suppose 2*u + 5*u - 70 = 0. Let l = 128 + -90. Let n = l - u. What is the units digit of n?
8
Suppose -4*i + 987 = -5*q - 453, 2*i + 3*q - 720 = 0. What is the units digit of i?
0
Suppose y + 7 = 4*p, -4*y + 5 = y. Suppose -4*i + 4*r + 123 + 17 = 0, -i + 39 = -p*r. What is the units digit of i?
1
Suppose 5*m - 60 = 5*q, 5*q - 4*q - 5*m + 16 = 0. Let x be -2 - (-3)/(-3) - q. Suppose -x*h = -11*h + 183. What is the units digit of h?
1
Suppose 3*p - 570 = -0*p. What is the tens digit of p?
9
Suppose 3*z - 7*z + 16 = 0. Suppose w = z*w - 105. What is the tens digit of w?
3
Suppose 0 = 15*q - 2*q - 11466. What is the tens digit of q?
8
Suppose 1527 = 33*a - 3885. What is the hundreds digit of a?
1
Suppose n + 6*q - 4*q - 1703 = 0, -2*n + q = -3391. What is the tens digit of n?
9
Let a be (-3 - -15)/(-3) - -24. Let b = a + -20. Suppose -q + 20 + 25 = 2*c, 2*q - 2*c - 60 = b. What is the tens digit of q?
3
Suppose 3*w - 26 = -4*t, 0 = 2*t - 3*t - w + 7. Suppose -4*n = -5*n + t. Suppose -n*j + 0*y - y = -222, -5*j = -2*y - 216. What is the tens digit of j?
4
Let k = 1 - 1. Suppose 3*s + 4*u + 52 = k, -5*u = -3*s + 11 - 27. What is the tens digit of s/9 + 122/6?
1
Suppose 0 = -3*k - 3*x + 4773, -5*k - x - 373 = -8308. What is the thousands digit of k?
1
Suppose -2*g + 2032 = -3*u, 4*u = g + 3*u - 1018. What is the thousands digit of g?
1
Let b(v) = -17*v - 10 - v**2 - 1 + 13 - 16. What is the units digit of b(-7)?
6
Suppose 4*z - 4*x - 2028 = 0, -3*z + 4*x + 435 + 1083 = 0. Let s = z - 360. What is the hundreds digit of s?
1
Suppose 3*h - 396 - 753 = 0. Let b = h + -101. What is the hundreds digit of b?
2
Suppose 0 = -j + 17 + 4. What is the units digit of (j/9)/(3/72)?
6
Let d(r) = 9*r + r + 2 - 20. Suppose n + 5 = -5*z + 16, -5*n + z = -29. What is the tens digit of d(n)?
4
Suppose -21*q + 3*q + 5310 = 0. What is the hundreds digit of q?
2
Suppose 0 = -6*u - u + 483. Let s = -22 + u. What is the units digit of s?
7
Let w be (0 + 170/15)*-3. What is the units digit of (w/(-51))/((-1)/(-33))?
2
Suppose 0 = -3*f - y + 224, 2*f + 5*y - 140 = 2*y. What is the tens digit of f?
7
Let d(v) = v**2 + 4*v - 9. Suppose -4*t - 8 - 4 = 0. Let f = t + 7. What is the units digit of d(f)?
3
Let n(y) = -y - 27. Let s(f) = -14. Let a(v) = 3*n(v) - 7*s(v). What is the units digit of a(-7)?
8
Let f(n) be the second derivative of -3*n**3 - 10*n**2 - 31*n. What is the units digit of f(-3)?
4
Suppose 0 = -3*f + 2*v + 2899, -2*f - 2*v + 1942 = -v. What is the tens digit of f?
6
Let d(g) = g**3 - 4*g**2 - 4*g + 3. Let l be d(5). Let y = l + -3. Suppose y*c + 11 = 6*c. What is the tens digit of c?
1
Suppose -63*k = 39*k - 100674. What is the tens digit of k?
8
Let p be (-55 + 93)*2/((-4)/(-3)). Let b = -38 + p. What is the tens digit of b?
1
Let f = -626 - -2034. What is the thousands digit of f?
1
Let d(o) = 8*o**3 + o - 14. What is the units digit of d(4)?
2
Let r(y) = -y**3 + 15*y**2 - 15*y - 6. What is the tens digit of r(9)?
4
Let i(j) be the first derivative of -17*j**3/6 - 3*j**2/2 - 4*j - 1. Let b(s) be the first derivative of i(s). What is the units digit of b(-3)?
8
Suppose 0 = 4*j - 30 - 70. Suppose -5*n = -0*n - j. Suppose n*d = -0*d + 100. What is the units digit of d?
0
Let y = -24 + 27. Suppose h + v = 26, -y*h = -7*v + 4*v - 108. What is the units digit of h?
1
Suppose -2995 = -2*d + u, -14*d + 4*u + 5980 = -10*d. What is the thousands digit of d?
1
Let i = 6851 - 3437. What is the units digit of i?
4
Suppose 3*b - 6 = 3*i, i = -2*b + b - 2. Let s be (0 - 0)/i + 3. Suppose -3*y - 2*y = -p - 11, 0 = s*y - 15. What is the units digit of p?
4
Suppose -575 = -20*i + 68405. What is the hundreds digit of i?
4
Let m(l) = 2*l**2 - 2*l - 10. Let k be m(-2). Suppose -p + 5*w + 67 = -150, 0 = -k*w + 10. What is the tens digit of p?
4
Let r(o) = o**3 - 9*o**2 + 3*o + 11. Let n be r(7). What is the units digit of 2 - (10 + -12)*n/(-4)?
5
Suppose 0 = 6*m - 3*m, 3*w - 891 = m. What is the tens digit of w?
9
What is the units digit of ((-25)/(-20))/(3/168)?
0
Let f be 1584/28*(-28)/(-6). Suppose -f = -2*k - 2*k. What is the tens digit of k?
6
Let x = -252 + 414. Suppose -x = -2*d + 84. What is the units digit of d?
3
Let k be ((-6)/45*6)/((-6)/45). Let h be (-5)/(-1 + 2/1). Let g = h + k. What is the units digit of g?
1
Suppose 5*v - 3*m - 11 = -0*v, -11 = -2*v - m. Suppose 0 = -p + v*q + 67 - 15, -p + 5*q + 52 = 0. What is the units digit of p?
2
Let h = 516 + 337. What is the tens digit of h?
5
Let s(j) = 6 + 6*j - 67 + 5*j. What is the units digit of s(11)?
0
Let z(c) = 3*c**2 - 4*c + 183. What is the tens digit of z(-16)?
1
Let c(a) = -805*a - 11. What is the tens digit of c(-5)?
1
Suppose -2*c = -3*c + 16. Let v = c - 13. Suppose -v*u + 45 = -3. What is the tens digit of u?
1
Let a = 682 - 648. What is the units digit of a?
4
Let w(k) = 3*k**2 + 41*k - 16. Let g be w(-17